{"id":1660,"date":"2022-06-10T04:50:04","date_gmt":"2022-06-10T04:50:04","guid":{"rendered":"http:\/\/s860266146.mialojamiento.es\/?page_id=1660"},"modified":"2023-02-24T10:42:11","modified_gmt":"2023-02-24T08:42:11","slug":"recursos-documentales","status":"publish","type":"page","link":"https:\/\/origen.bio\/revgen\/recursos-documentales\/","title":{"rendered":"Recursos documentales"},"content":{"rendered":"<p>[vc_row][vc_column][vc_empty_space alter_height=\u00bblarge\u00bb hide_on_mobile=\u00bb\u00bb][vc_column_text]<\/p>\n<section id=\"h.p_XFHQEZpav0Bq\" class=\"yaqOZd\">\n<div class=\"mYVXT\">\n<div class=\"LS81yb VICjCf\" tabindex=\"-1\">\n<div class=\"hJDwNd-AhqUyc-uQSCkd purZT-AhqUyc-II5mzb pSzOP-AhqUyc-qWD73c JNdkSc\">\n<div class=\"JNdkSc-SmKAyb\">\n<div class=\"\">\n<div class=\"oKdM2c Kzv0Me\">\n<div id=\"h.p_qRWW3uBgv0Bk\" class=\"hJDwNd-AhqUyc-uQSCkd jXK9ad D2fZ2 OjCsFc wHaque GNzUNc\">\n<div class=\"jXK9ad-SmKAyb\">\n<div class=\"tyJCtd mGzaTb baZpAe\">\n<h2 id=\"h.p_vOMY96wyv0Bo\" class=\"CDt4Ke zfr3Q\" style=\"text-align: center;\">En esta secci\u00f3n voy a agregar todas las fuentes de informaci\u00f3n cient\u00edfica que encuentre sobre los temas aqu\u00ed tratados.<\/h2>\n<\/div>\n<\/div>\n<\/div>\n<\/div>\n<\/div>\n<\/div>\n<\/div>\n<\/div>\n<\/div>\n<\/section>\n<section id=\"h.p_0ZmD6EiqwEZa\" class=\"yaqOZd WxWicb\"><\/section>\n<p>[\/vc_column_text][vc_empty_space alter_height=\u00bblarge\u00bb hide_on_mobile=\u00bb\u00bb][\/vc_column][\/vc_row][vc_row full_width=\u00bbstretch_row\u00bb gap=\u00bb10&#8243;][vc_column width=\u00bb1\/4&#8243; icons_position=\u00bbleft\u00bb][vc_single_image image=\u00bb1671&#8243; img_size=\u00bbfull\u00bb][vc_column_text]<\/p>\n<h4 id=\"h.p_wXwIfikcwEz1\" class=\"CDt4Ke zfr3Q\" style=\"text-align: center;\">Frontiers<\/h4>\n<p id=\"h.p_sdJFD-gbwkju\" class=\"CDt4Ke zfr3Q\" style=\"text-align: center;\"><a class=\"dhtgD aw5Odc\" href=\"https:\/\/www.google.com\/url?q=https%3A%2F%2Fwww.frontiersin.org%2F&amp;sa=D&amp;sntz=1&amp;usg=AOvVaw2a-YlWYKDsOOgyaH5WBWB1\" target=\"_blank\" rel=\"noopener\">https:\/\/www.frontiersin.org\/<\/a><\/p>\n<p>[\/vc_column_text][vc_empty_space height=\u00bb\u00bb alter_height=\u00bbhuge\u00bb hide_on_mobile=\u00bb\u00bb hide_on_desktop=\u00bb\u00bb hide_on_notebook=\u00bb\u00bb hide_on_tablet=\u00bb\u00bb][\/vc_column][vc_column width=\u00bb1\/4&#8243;][vc_single_image image=\u00bb1670&#8243; img_size=\u00bbfull\u00bb][vc_column_text]<\/p>\n<h4 id=\"h.p_R82IW4y0wEz9\" class=\"CDt4Ke zfr3Q\" style=\"text-align: center;\">Nature<\/h4>\n<p id=\"h.p_WqVptQ62xOqF\" class=\"CDt4Ke zfr3Q\" style=\"text-align: center;\"><a class=\"dhtgD aw5Odc\" href=\"https:\/\/www.google.com\/url?q=https%3A%2F%2Fwww.nature.com%2F&amp;sa=D&amp;sntz=1&amp;usg=AOvVaw2ccMYVOYJ3iuOY9bHRreuo\" target=\"_blank\" rel=\"noopener\">https:\/\/www.nature.com\/<\/a><\/p>\n<p>[\/vc_column_text][\/vc_column][vc_column width=\u00bb1\/4&#8243;][vc_single_image image=\u00bb1669&#8243; img_size=\u00bbfull\u00bb][vc_column_text]<\/p>\n<h4 id=\"h.p_ARXMQ0idwE0C\" class=\"CDt4Ke zfr3Q\" style=\"text-align: center;\">World Economic Forum<\/h4>\n<p id=\"h.p_4KxYttGUxxWu\" class=\"CDt4Ke zfr3Q\" style=\"text-align: center;\"><a class=\"dhtgD aw5Odc\" href=\"https:\/\/www.google.com\/url?q=https%3A%2F%2Fwww.weforum.org%2F&amp;sa=D&amp;sntz=1&amp;usg=AOvVaw2Kyuqz4ecQ1UoGtoZSBLj8\" target=\"_blank\" rel=\"noopener\">https:\/\/www.weforum.org\/<\/a><\/p>\n<p>[\/vc_column_text][\/vc_column][vc_column width=\u00bb1\/4&#8243;][vc_single_image image=\u00bb1668&#8243; img_size=\u00bbfull\u00bb][vc_column_text]<\/p>\n<h4 id=\"h.p_N3tfdMmAwE0I\" class=\"CDt4Ke zfr3Q\" style=\"text-align: center;\">MIT Technology Review<\/h4>\n<p id=\"h.p_wkD-bk08yhA5\" class=\"CDt4Ke zfr3Q\" style=\"text-align: center;\"><a class=\"dhtgD aw5Odc\" href=\"https:\/\/www.google.com\/url?q=https%3A%2F%2Fwww.technologyreview.es%2F&amp;sa=D&amp;sntz=1&amp;usg=AOvVaw1A8q9atqWY8pU0S3KVP3Lz\" target=\"_blank\" rel=\"noopener\">https:\/\/www.technologyreview.es\/<\/a><\/p>\n<p>[\/vc_column_text][\/vc_column][\/vc_row]<\/p>\n","protected":false},"excerpt":{"rendered":"<p>[vc_row][vc_column][vc_empty_space alter_height=\u00bblarge\u00bb hide_on_mobile=\u00bb\u00bb][vc_column_text] En esta secci\u00f3n voy a agregar todas las fuentes de informaci\u00f3n cient\u00edfica que encuentre sobre los temas aqu\u00ed tratados. [\/vc_column_text][vc_empty_space alter_height=\u00bblarge\u00bb hide_on_mobile=\u00bb\u00bb][\/vc_column][\/vc_row][vc_row full_width=\u00bbstretch_row\u00bb gap=\u00bb10&#8243;][vc_column width=\u00bb1\/4&#8243; icons_position=\u00bbleft\u00bb][vc_single_image image=\u00bb1671&#8243; img_size=\u00bbfull\u00bb][vc_column_text] Frontiers https:\/\/www.frontiersin.org\/ [\/vc_column_text][vc_empty_space height=\u00bb\u00bb alter_height=\u00bbhuge\u00bb hide_on_mobile=\u00bb\u00bb hide_on_desktop=\u00bb\u00bb hide_on_notebook=\u00bb\u00bb hide_on_tablet=\u00bb\u00bb][\/vc_column][vc_column width=\u00bb1\/4&#8243;][vc_single_image image=\u00bb1670&#8243; img_size=\u00bbfull\u00bb][vc_column_text] Nature https:\/\/www.nature.com\/ [\/vc_column_text][\/vc_column][vc_column width=\u00bb1\/4&#8243;][vc_single_image image=\u00bb1669&#8243; img_size=\u00bbfull\u00bb][vc_column_text] World Economic Forum https:\/\/www.weforum.org\/ [\/vc_column_text][\/vc_column][vc_column width=\u00bb1\/4&#8243;][vc_single_image image=\u00bb1668&#8243; img_size=\u00bbfull\u00bb][vc_column_text] MIT Technology Review&hellip;<\/p>\n","protected":false},"author":1,"featured_media":0,"parent":0,"menu_order":0,"comment_status":"closed","ping_status":"closed","template":"","meta":{"footnotes":""},"class_list":["post-1660","page","type-page","status-publish","hentry"],"yoast_head":"<!-- This site is optimized with the Yoast SEO plugin v20.1 - https:\/\/yoast.com\/wordpress\/plugins\/seo\/ -->\n<title>Recursos documentales - REVGEN<\/title>\n<meta name=\"description\" content=\"En esta secci\u00f3n voy a agregar todas las fuentes de informaci\u00f3n cient\u00edfica que encuentre sobre los temas aqu\u00ed tratados.\" \/>\n<meta name=\"robots\" content=\"index, follow, max-snippet:-1, max-image-preview:large, max-video-preview:-1\" \/>\n<link rel=\"canonical\" href=\"https:\/\/origen.bio\/revgen\/recursos-documentales\/\" \/>\n<meta property=\"og:locale\" content=\"es_ES\" \/>\n<meta property=\"og:type\" content=\"article\" \/>\n<meta property=\"og:title\" content=\"Recursos documentales - REVGEN\" \/>\n<meta property=\"og:description\" content=\"En esta secci\u00f3n voy a agregar todas las fuentes de informaci\u00f3n cient\u00edfica que encuentre sobre los temas aqu\u00ed tratados.\" \/>\n<meta property=\"og:url\" content=\"https:\/\/origen.bio\/revgen\/recursos-documentales\/\" \/>\n<meta property=\"og:site_name\" content=\"REVGEN\" \/>\n<meta property=\"article:modified_time\" content=\"2023-02-24T08:42:11+00:00\" \/>\n<meta property=\"og:image\" content=\"https:\/\/origen.bio\/revgen\/wp-content\/uploads\/2022\/07\/revgenlogo.png\" \/>\n\t<meta property=\"og:image:width\" content=\"589\" \/>\n\t<meta property=\"og:image:height\" content=\"211\" \/>\n\t<meta property=\"og:image:type\" content=\"image\/png\" \/>\n<meta name=\"twitter:card\" content=\"summary_large_image\" \/>\n<meta name=\"twitter:label1\" content=\"Tiempo de lectura\" \/>\n\t<meta name=\"twitter:data1\" content=\"1 minuto\" \/>\n<script type=\"application\/ld+json\" class=\"yoast-schema-graph\">{\"@context\":\"https:\/\/schema.org\",\"@graph\":[{\"@type\":\"WebPage\",\"@id\":\"https:\/\/origen.bio\/revgen\/recursos-documentales\/\",\"url\":\"https:\/\/origen.bio\/revgen\/recursos-documentales\/\",\"name\":\"Recursos documentales - REVGEN\",\"isPartOf\":{\"@id\":\"https:\/\/origen.bio\/revgen\/#website\"},\"datePublished\":\"2022-06-10T04:50:04+00:00\",\"dateModified\":\"2023-02-24T08:42:11+00:00\",\"description\":\"En esta secci\u00f3n voy a agregar todas las fuentes de informaci\u00f3n cient\u00edfica que encuentre sobre los temas aqu\u00ed tratados.\",\"breadcrumb\":{\"@id\":\"https:\/\/origen.bio\/revgen\/recursos-documentales\/#breadcrumb\"},\"inLanguage\":\"es\",\"potentialAction\":[{\"@type\":\"ReadAction\",\"target\":[\"https:\/\/origen.bio\/revgen\/recursos-documentales\/\"]}]},{\"@type\":\"BreadcrumbList\",\"@id\":\"https:\/\/origen.bio\/revgen\/recursos-documentales\/#breadcrumb\",\"itemListElement\":[{\"@type\":\"ListItem\",\"position\":1,\"name\":\"Portada\",\"item\":\"https:\/\/origen.bio\/revgen\/\"},{\"@type\":\"ListItem\",\"position\":2,\"name\":\"Recursos documentales\"}]},{\"@type\":\"WebSite\",\"@id\":\"https:\/\/origen.bio\/revgen\/#website\",\"url\":\"https:\/\/origen.bio\/revgen\/\",\"name\":\"REVGEN\",\"description\":\"Re-Evoluci\u00f3n Gen\u00e9tica\",\"publisher\":{\"@id\":\"https:\/\/origen.bio\/revgen\/#organization\"},\"alternateName\":\"Revoluci\u00f3n gen\u00e9tica\",\"potentialAction\":[{\"@type\":\"SearchAction\",\"target\":{\"@type\":\"EntryPoint\",\"urlTemplate\":\"https:\/\/origen.bio\/revgen\/?s={search_term_string}\"},\"query-input\":\"required name=search_term_string\"}],\"inLanguage\":\"es\"},{\"@type\":\"Organization\",\"@id\":\"https:\/\/origen.bio\/revgen\/#organization\",\"name\":\"REVGEN\",\"url\":\"https:\/\/origen.bio\/revgen\/\",\"logo\":{\"@type\":\"ImageObject\",\"inLanguage\":\"es\",\"@id\":\"https:\/\/origen.bio\/revgen\/#\/schema\/logo\/image\/\",\"url\":\"https:\/\/origen.bio\/revgen\/wp-content\/uploads\/2022\/07\/revgenlogo.png\",\"contentUrl\":\"https:\/\/origen.bio\/revgen\/wp-content\/uploads\/2022\/07\/revgenlogo.png\",\"width\":589,\"height\":211,\"caption\":\"REVGEN\"},\"image\":{\"@id\":\"https:\/\/origen.bio\/revgen\/#\/schema\/logo\/image\/\"}}]}<\/script>\n<!-- \/ Yoast SEO plugin. -->","yoast_head_json":{"title":"Recursos documentales - REVGEN","description":"En esta secci\u00f3n voy a agregar todas las fuentes de informaci\u00f3n cient\u00edfica que encuentre sobre los temas aqu\u00ed tratados.","robots":{"index":"index","follow":"follow","max-snippet":"max-snippet:-1","max-image-preview":"max-image-preview:large","max-video-preview":"max-video-preview:-1"},"canonical":"https:\/\/origen.bio\/revgen\/recursos-documentales\/","og_locale":"es_ES","og_type":"article","og_title":"Recursos documentales - REVGEN","og_description":"En esta secci\u00f3n voy a agregar todas las fuentes de informaci\u00f3n cient\u00edfica que encuentre sobre los temas aqu\u00ed tratados.","og_url":"https:\/\/origen.bio\/revgen\/recursos-documentales\/","og_site_name":"REVGEN","article_modified_time":"2023-02-24T08:42:11+00:00","og_image":[{"width":589,"height":211,"url":"https:\/\/origen.bio\/revgen\/wp-content\/uploads\/2022\/07\/revgenlogo.png","type":"image\/png"}],"twitter_card":"summary_large_image","twitter_misc":{"Tiempo de lectura":"1 minuto"},"schema":{"@context":"https:\/\/schema.org","@graph":[{"@type":"WebPage","@id":"https:\/\/origen.bio\/revgen\/recursos-documentales\/","url":"https:\/\/origen.bio\/revgen\/recursos-documentales\/","name":"Recursos documentales - REVGEN","isPartOf":{"@id":"https:\/\/origen.bio\/revgen\/#website"},"datePublished":"2022-06-10T04:50:04+00:00","dateModified":"2023-02-24T08:42:11+00:00","description":"En esta secci\u00f3n voy a agregar todas las fuentes de informaci\u00f3n cient\u00edfica que encuentre sobre los temas aqu\u00ed tratados.","breadcrumb":{"@id":"https:\/\/origen.bio\/revgen\/recursos-documentales\/#breadcrumb"},"inLanguage":"es","potentialAction":[{"@type":"ReadAction","target":["https:\/\/origen.bio\/revgen\/recursos-documentales\/"]}]},{"@type":"BreadcrumbList","@id":"https:\/\/origen.bio\/revgen\/recursos-documentales\/#breadcrumb","itemListElement":[{"@type":"ListItem","position":1,"name":"Portada","item":"https:\/\/origen.bio\/revgen\/"},{"@type":"ListItem","position":2,"name":"Recursos documentales"}]},{"@type":"WebSite","@id":"https:\/\/origen.bio\/revgen\/#website","url":"https:\/\/origen.bio\/revgen\/","name":"REVGEN","description":"Re-Evoluci\u00f3n Gen\u00e9tica","publisher":{"@id":"https:\/\/origen.bio\/revgen\/#organization"},"alternateName":"Revoluci\u00f3n gen\u00e9tica","potentialAction":[{"@type":"SearchAction","target":{"@type":"EntryPoint","urlTemplate":"https:\/\/origen.bio\/revgen\/?s={search_term_string}"},"query-input":"required name=search_term_string"}],"inLanguage":"es"},{"@type":"Organization","@id":"https:\/\/origen.bio\/revgen\/#organization","name":"REVGEN","url":"https:\/\/origen.bio\/revgen\/","logo":{"@type":"ImageObject","inLanguage":"es","@id":"https:\/\/origen.bio\/revgen\/#\/schema\/logo\/image\/","url":"https:\/\/origen.bio\/revgen\/wp-content\/uploads\/2022\/07\/revgenlogo.png","contentUrl":"https:\/\/origen.bio\/revgen\/wp-content\/uploads\/2022\/07\/revgenlogo.png","width":589,"height":211,"caption":"REVGEN"},"image":{"@id":"https:\/\/origen.bio\/revgen\/#\/schema\/logo\/image\/"}}]}},"_links":{"self":[{"href":"https:\/\/origen.bio\/revgen\/wp-json\/wp\/v2\/pages\/1660","targetHints":{"allow":["GET"]}}],"collection":[{"href":"https:\/\/origen.bio\/revgen\/wp-json\/wp\/v2\/pages"}],"about":[{"href":"https:\/\/origen.bio\/revgen\/wp-json\/wp\/v2\/types\/page"}],"author":[{"embeddable":true,"href":"https:\/\/origen.bio\/revgen\/wp-json\/wp\/v2\/users\/1"}],"replies":[{"embeddable":true,"href":"https:\/\/origen.bio\/revgen\/wp-json\/wp\/v2\/comments?post=1660"}],"version-history":[{"count":8,"href":"https:\/\/origen.bio\/revgen\/wp-json\/wp\/v2\/pages\/1660\/revisions"}],"predecessor-version":[{"id":2067,"href":"https:\/\/origen.bio\/revgen\/wp-json\/wp\/v2\/pages\/1660\/revisions\/2067"}],"wp:attachment":[{"href":"https:\/\/origen.bio\/revgen\/wp-json\/wp\/v2\/media?parent=1660"}],"curies":[{"name":"wp","href":"https:\/\/api.w.org\/{rel}","templated":true}]}}